{"id":3500,"date":"2023-02-22T14:28:31","date_gmt":"2023-02-22T14:28:31","guid":{"rendered":"https:\/\/www.skischule-beni.de\/?page_id=3500"},"modified":"2023-02-22T14:36:48","modified_gmt":"2023-02-22T14:36:48","slug":"agbs","status":"publish","type":"page","link":"https:\/\/www.skischule-beni.de\/?page_id=3500","title":{"rendered":"AGBs"},"content":{"rendered":"<h2 style=\"text-align: left;\">Allgemeine Gesch\u00e4ftsbedingungen<\/h2>\n<h3 style=\"text-align: left;\">geltend f\u00fcr Beni&#8217;s Skischule und skiverleihharry<\/h3>\n<p style=\"text-align: left;\">\u00a71) <strong>Anmeldung<\/strong>: Die Anmeldung erfolgt ausschlie\u00dflich m\u00fcndlich oder online. Die Anmeldung ist stets verbindlich. Die Anmeldung ist g\u00fcltig, sobald sie seitens der Skischule best\u00e4tigt wurde. Die Best\u00e4tigung der Anmeldung erfordert keine besondere Form.<\/p>\n<p style=\"text-align: left;\">\u00a72) <strong>Teilnehmerzahl: <\/strong>Gruppenkurse werden ab 4 Teilnehmern durchgef\u00fchrt. Bei weniger Teilnehmern ist die Skischule berechtigt den Kurspreis zu erh\u00f6hen bzw. die Kurszeit zu verk\u00fcrzen.<\/p>\n<p style=\"text-align: left;\">\u00a73) <strong>Geb\u00fchren: <\/strong>Die Kursgeb\u00fchr beinhaltet nicht die Geb\u00fchr f\u00fcr die Liftbef\u00f6rderung.<\/p>\n<p style=\"text-align: left;\">\u00a74) <strong>Absage von Kursen: <\/strong>Ausschlie\u00dflich die Skischule ist berechtigt<\/p>\n<p style=\"text-align: left;\">einen Kurs abzusagen (z.B. bei schlechtem Wetter oder bei Online-<\/p>\n<p style=\"text-align: left;\">Buchungen innerhalb von 24 Stunden). Schadenersatzanspr\u00fcche stehen dem Teilnehmer nicht zu.<\/p>\n<p style=\"text-align: left;\">\u00a75) <strong>Bezahlung: <\/strong>Die Bezahlung von Kurs- und Verleihgeb\u00fchren erfolgt vor Kursbeginn per Bar vor Ort. Die H\u00f6he der Geb\u00fchren sind im Prospekt oder im Internet angegeben.<\/p>\n<p style=\"text-align: left;\">\u00a76) <strong>Kursabbruch und R\u00fcckerstattung: <\/strong>Kursabbr\u00fcche aufgrund h\u00f6herer Gewalt f\u00fchren zu einer angemessenen Teilr\u00fcckerstattung. Ebenso bei offensichtlicher Verletzung oder Krankheit des Teilnehmers. Die Skischule kann dazu die Vorlage eines \u00e4rztlichen Attests verlangen. Der Abbruch des Kurses wegen Fehlverhaltens des Teilnehmers hat keine R\u00fcckerstattung zur Folge.<\/p>\n<p style=\"text-align: left;\">\u00a77) <strong>Widerruf der Onlineanmeldung: <\/strong>Ein R\u00fccktritt vom Vertrag ist bis sp\u00e4testens 10 Tage vor Kursbeginn m\u00f6glich. Erfolgt die Stornierung zu einem sp\u00e4teren Zeitpunkt, ist die Skischule berechtigt, als Stornogeb\u00fchr den vollen vereinbarten Tarif in Rechnung zu stellen.<\/p>\n<p style=\"text-align: left;\">\u00a78) <strong>Inhalte des Onlineangebotes: <\/strong>Die Skischule \u00fcbernimmt keinerlei Gew\u00e4hr f\u00fcr die Aktualit\u00e4t, Korrektheit, Vollst\u00e4ndigkeit oder Qualit\u00e4t der bereitgestellten Informationen. Haftungsanspr\u00fcche gegen die Skischule, welche sich auf Sch\u00e4den materieller oder ideeller Art beziehen, die durch die Nutzung oder Nichtbenutzung der dargebotenen Informationen bzw. durch die Nutzung fehlerhafter und unvollst\u00e4ndiger Informationen verursacht wurden, sind grunds\u00e4tzlich ausgeschlossen, sofern seitens der Skischule kein nachweislich vors\u00e4tzliches oder grob fahrl\u00e4ssiges Verschulden vorliegt. Alle Angebote sind freibleibend und unverbindlich. Die Skischule beh\u00e4lt es sich ausdr\u00fccklich vor, Teile der Seiten oder das gesamte Angebot ohne gesonderte Ank\u00fcndigungen zu ver\u00e4ndern, zu erg\u00e4nzen, zu l\u00f6schen oder die Ver\u00f6ffentlichung zeitweise oder endg\u00fcltig einzustellen.<\/p>\n<p style=\"text-align: left;\">\u00a79) <strong>Haftung: <\/strong>Die Skischule haftet nicht f\u00fcr Sachsch\u00e4den und Unf\u00e4lle des Kursteilnehmers w\u00e4hrend des Kurses. F\u00fcr Sch\u00e4den, die der Teilnehmer verursacht, haftet dieser unmittelbar gegen\u00fcber dem Gesch\u00e4digten. Der Abschluss einer Unfall-, Kranken- und Haftpflichtversicherung ist obligatorisch.<\/p>\n<p style=\"text-align: left;\">\u00a710) <strong>Erf\u00fcllungsort, Rechtsbeistand und Gerichtsort: <\/strong>Der Erf\u00fcllungsort befindet sich in Miesbach. Die Parteien vereinbaren die Anwendung des deutschen Rechts. F\u00fcr s\u00e4mtliche Streitigkeiten im Zusammenhang mit dem gegenst\u00e4ndlichen Vertragsverh\u00e4ltnis wird die ausschlie\u00dfliche Zust\u00e4ndigkeit des f\u00fcr Miesbach sachlich zust\u00e4ndigen Gerichtes vereinbart.<\/p>\n","protected":false},"excerpt":{"rendered":"<p>Allgemeine Gesch\u00e4ftsbedingungen geltend f\u00fcr Beni&#8217;s Skischule und skiverleihharry \u00a71) Anmeldung: Die Anmeldung erfolgt ausschlie\u00dflich m\u00fcndlich oder online. Die Anmeldung ist stets verbindlich. Die Anmeldung ist g\u00fcltig, sobald sie seitens der Skischule best\u00e4tigt wurde. Die Best\u00e4tigung der Anmeldung erfordert keine besondere Form. \u00a72) Teilnehmerzahl: Gruppenkurse werden ab 4 Teilnehmern durchgef\u00fchrt. Bei weniger Teilnehmern ist die Skischule [&hellip;]<\/p>\n","protected":false},"author":3,"featured_media":0,"parent":0,"menu_order":0,"comment_status":"closed","ping_status":"closed","template":"","meta":[],"_links":{"self":[{"href":"https:\/\/www.skischule-beni.de\/index.php?rest_route=\/wp\/v2\/pages\/3500"}],"collection":[{"href":"https:\/\/www.skischule-beni.de\/index.php?rest_route=\/wp\/v2\/pages"}],"about":[{"href":"https:\/\/www.skischule-beni.de\/index.php?rest_route=\/wp\/v2\/types\/page"}],"author":[{"embeddable":true,"href":"https:\/\/www.skischule-beni.de\/index.php?rest_route=\/wp\/v2\/users\/3"}],"replies":[{"embeddable":true,"href":"https:\/\/www.skischule-beni.de\/index.php?rest_route=%2Fwp%2Fv2%2Fcomments&post=3500"}],"version-history":[{"count":6,"href":"https:\/\/www.skischule-beni.de\/index.php?rest_route=\/wp\/v2\/pages\/3500\/revisions"}],"predecessor-version":[{"id":3507,"href":"https:\/\/www.skischule-beni.de\/index.php?rest_route=\/wp\/v2\/pages\/3500\/revisions\/3507"}],"wp:attachment":[{"href":"https:\/\/www.skischule-beni.de\/index.php?rest_route=%2Fwp%2Fv2%2Fmedia&parent=3500"}],"curies":[{"name":"wp","href":"https:\/\/api.w.org\/{rel}","templated":true}]}}